{"id":1077,"date":"2019-02-18T17:29:50","date_gmt":"2019-02-18T16:29:50","guid":{"rendered":"http:\/\/cdad83.fr\/?page_id=1077"},"modified":"2021-06-02T16:44:41","modified_gmt":"2021-06-02T14:44:41","slug":"forums-et-salons","status":"publish","type":"page","link":"https:\/\/cdad83.fr\/index.php\/forums-et-salons\/","title":{"rendered":"Forums et salons"},"content":{"rendered":"<p style=\"text-align: justify;\">Le Conseil d\u00e9partemental de l&rsquo;acc\u00e8s au droit du Var participe \u00e0 des forums et des salons sur des th\u00e9matiques li\u00e9es \u00e0 son activit\u00e9 d&rsquo;acc\u00e8s au droit.<\/p>\n<p><img fetchpriority=\"high\" decoding=\"async\" class=\"aligncenter\" src=\"https:\/\/cdad83.fr\/wp-content\/uploads\/2021\/03\/Image1.png\" alt=\"\" width=\"198\" height=\"278\" \/><\/p>\n<p style=\"text-align: justify;\">Il est partenaire, notamment, du salon \u00ab\u00a0Livres, justice et droit\u00a0\u00bb, qui se d\u00e9roule chaque ann\u00e9e \u00e0 la facult\u00e9 de droit de Toulon, au mois de mars. Vous pouvez retrouver un article qui est consacr\u00e9 \u00e0 ce sujet, dans la rubrique <a style=\"color: #000000;\" href=\"https:\/\/cdad83.fr\/index.php\/2018\/04\/12\/salon-livres-justice-et-droit-16-et-17-mars-2018-a-toulon\/\">Nos articles<\/a>.<\/p>\n<p style=\"text-align: justify;\">Le CDAD du Var participe \u00e9galement au forum des seniors, organis\u00e9 au palais Neptune par la ville de Toulon chaque ann\u00e9e, au mois de novembre.<\/p>\n<p style=\"text-align: justify;\">\n<p style=\"text-align: justify;\">\n","protected":false},"excerpt":{"rendered":"<p>Le Conseil d\u00e9partemental de l&rsquo;acc\u00e8s au droit du Var participe \u00e0 des forums et des salons sur des th\u00e9matiques li\u00e9es \u00e0 son activit\u00e9 d&rsquo;acc\u00e8s au droit. Il est partenaire, notamment, du salon \u00ab\u00a0Livres, justice et droit\u00a0\u00bb, qui se d\u00e9roule chaque ann\u00e9e \u00e0 la facult\u00e9 de droit de Toulon, au mois de mars. Vous pouvez retrouver un article qui est consacr\u00e9 \u00e0 ce sujet, dans la rubrique Nos articles. Le CDAD du Var participe \u00e9galement au forum des seniors, organis\u00e9 au palais Neptune par la ville de Toulon chaque ann\u00e9e, au mois de novembre.<\/p>\n","protected":false},"author":3,"featured_media":0,"parent":0,"menu_order":0,"comment_status":"closed","ping_status":"closed","template":"","meta":{"_monsterinsights_skip_tracking":false,"_monsterinsights_sitenote_active":false,"_monsterinsights_sitenote_note":"","_monsterinsights_sitenote_category":0,"footnotes":""},"class_list":["post-1077","page","type-page","status-publish","hentry"],"_links":{"self":[{"href":"https:\/\/cdad83.fr\/index.php\/wp-json\/wp\/v2\/pages\/1077","targetHints":{"allow":["GET"]}}],"collection":[{"href":"https:\/\/cdad83.fr\/index.php\/wp-json\/wp\/v2\/pages"}],"about":[{"href":"https:\/\/cdad83.fr\/index.php\/wp-json\/wp\/v2\/types\/page"}],"author":[{"embeddable":true,"href":"https:\/\/cdad83.fr\/index.php\/wp-json\/wp\/v2\/users\/3"}],"replies":[{"embeddable":true,"href":"https:\/\/cdad83.fr\/index.php\/wp-json\/wp\/v2\/comments?post=1077"}],"version-history":[{"count":0,"href":"https:\/\/cdad83.fr\/index.php\/wp-json\/wp\/v2\/pages\/1077\/revisions"}],"wp:attachment":[{"href":"https:\/\/cdad83.fr\/index.php\/wp-json\/wp\/v2\/media?parent=1077"}],"curies":[{"name":"wp","href":"https:\/\/api.w.org\/{rel}","templated":true}]}}

<p style="text-align: justify;">Le Conseil départemental de l&rsquo;accès au droit du Var participe à des forums et des salons sur des thématiques liées à son activité d&rsquo;accès au droit.</p>
<p><img fetchpriority="high" decoding="async" class="aligncenter" src="https://cdad83.fr/wp-content/uploads/2021/03/Image1.png" alt="" width="198" height="278" /></p>
<p style="text-align: justify;">Il est partenaire, notamment, du salon « Livres, justice et droit », qui se déroule chaque année à la faculté de droit de Toulon, au mois de mars. Vous pouvez retrouver un article qui est consacré à ce sujet, dans la rubrique <a style="color: #000000;" href="https://cdad83.fr/index.php/2018/04/12/salon-livres-justice-et-droit-16-et-17-mars-2018-a-toulon/">Nos articles</a>.</p>
<p style="text-align: justify;">Le CDAD du Var participe également au forum des seniors, organisé au palais Neptune par la ville de Toulon chaque année, au mois de novembre.</p>
<p style="text-align: justify;">
<p style="text-align: justify;">

<p>Le Conseil départemental de l&rsquo;accès au droit du Var participe à des forums et des salons sur des thématiques liées à son activité d&rsquo;accès au droit. Il est partenaire, notamment, du salon « Livres, justice et droit », qui se déroule chaque année à la faculté de droit de Toulon, au mois de mars. Vous pouvez retrouver un article qui est consacré à ce sujet, dans la rubrique Nos articles. Le CDAD du Var participe également au forum des seniors, organisé au palais Neptune par la ville de Toulon chaque année, au mois de novembre.</p>
