{"id":187,"date":"2018-01-30T15:50:52","date_gmt":"2018-01-30T14:50:52","guid":{"rendered":"http:\/\/cdad83.fr\/?page_id=187"},"modified":"2025-10-20T18:05:02","modified_gmt":"2025-10-20T16:05:02","slug":"mise-sous-tutelle","status":"publish","type":"page","link":"https:\/\/cdad83.fr\/index.php\/mise-sous-tutelle\/","title":{"rendered":"Les mesures de protection"},"content":{"rendered":"<p><a href=\"https:\/\/cdad83.fr\/index.php\/comment-seffectue-la-demande-dune-mesure-de-protection\/\"><img fetchpriority=\"high\" decoding=\"async\" src=\"https:\/\/cdad83.fr\/wp-content\/uploads\/2021\/03\/Capture-2.png\" alt=\"\" width=\"429\" height=\"289\" \/><\/a><\/p>\n<p>Le collectif ISTF est comp\u00e9tent pour vous apporter de l\u2019information et mettre en \u0153uvre un accompagnement \u00e0 la r\u00e9alisation d\u2019actes ou de diligences relatives aux comptes de gestion. Pour rappel, les comptes de gestion, dans le cadre des tutelles et des curatelles, doivent \u00eatre d\u00e9pos\u00e9s annuellement aupr\u00e8s du tribunal comp\u00e9tent, <strong>sous peines de poursuites civiles ou p\u00e9nales<\/strong>.<\/p>\n<p>Retrouvez toutes les informations utiles sur le <a style=\"color: #ff0000;\" href=\"http:\/\/www.tuteursfamiliaux-paca.fr\/quest-ce-que-listf\/\">site internet de l&rsquo;ISTF<\/a> et leur <a href=\"https:\/\/cdad83.fr\/wp-content\/uploads\/2020\/09\/FLYER-UDAF-83-COLLECTIF-ISTF.pdf\">flyer<\/a>, pour consulter leurs permanences : cliquez <a href=\"https:\/\/cdad83.fr\/wp-content\/uploads\/2022\/01\/calendrier-ISTF.pdf\">ici<\/a><\/p>\n<p style=\"text-align: center;\"><strong>Qu&rsquo;est ce qu&rsquo;une mesure de protection ?<\/strong><\/p>\n<p>La tutelle et la curatelle sont des mesures judiciaires permettant de prot\u00e9ger une personne et son patrimoine. Les d\u00e9marches pour effectuer une demande de tutelle ou de curatelle sont tr\u00e8s similaires mais leurs effets sont distincts.<\/p>\n<p>Une personne plac\u00e9e en curatelle reste autonome dans les actes simples de la vie, mais doit \u00eatre accompagn\u00e9e pour les actes substantiels. La tutelle, quant \u00e0 elle, est une mesure plus protectrice. Elle concerne les personnes qui ont perdu leur enti\u00e8re autonomie (alt\u00e9ration des facult\u00e9s mentales ou physiquement incapable d&rsquo;exprimer ses volont\u00e9s) et qui ont besoin d\u2019\u00eatre repr\u00e9sent\u00e9es dans les actes de la vie courante.<\/p>\n<p>Afin d\u2019effectuer une demande de\u00a0<a style=\"color: #000000;\" title=\"\" href=\"https:\/\/www.justice.fr\/lexique\/letter_m#Mesure_de_protection\" data-original-title=\"Mesure destin\u00e9e \u00e0 prot\u00e9ger une personne majeure et\/ou tout ou partie de son patrimoine si elle n'est plus en \u00e9tat de veiller sur ses propres int\u00e9r\u00eats (mesure de tutelle), ou qui, sans \u00eatre hors d\u2019\u00e9tat d\u2019agir elle-m\u00eame, a besoin d\u2019\u00eatre conseill\u00e9e ou contr\u00f4l\u00e9e dans certains actes de sa vie courante (mesure de curatelle), et\/ou pour une dur\u00e9e d\u00e9termin\u00e9e (mesure de sauvegarde de justice)\" data-placement=\"top\" data-toggle=\"tooltip\"><strong>mesure de protection<\/strong><\/a>, il faut saisir le juge des contentieux et de la protection. Il agit dans le seul int\u00e9r\u00eat de la personne.<\/p>\n<p><a href=\"https:\/\/cdad83.fr\/index.php\/comment-seffectue-la-demande-dune-mesure-de-protection\/\">Comment s&rsquo;effectue la demande d&rsquo;une mesure de protection ?<\/a><\/p>\n<p><a href=\"https:\/\/cdad83.fr\/wp-content\/uploads\/2021\/03\/la-mesure-de-tutelle-.pdf\">\u00a0Guide sur la mesure de tutelle<\/a><\/p>\n<p><a href=\"https:\/\/cdad83.fr\/wp-content\/uploads\/2021\/03\/la-mesure-de-curatelle-renforcee.pdf\">Guide sur la mesure de la curatelle renforc\u00e9e<\/a><\/p>\n<p><a href=\"https:\/\/cdad83.fr\/wp-content\/uploads\/2021\/03\/habilitation-familiale-par-assistance.pdf\">Guide sur la mesure d&rsquo;habilitation familiale par assistance<\/a><\/p>\n<p><a href=\"https:\/\/cdad83.fr\/wp-content\/uploads\/2021\/03\/lhabilitation-familiale-par-representation.pdf\">Guide sur la mesure d&rsquo;habilitation familiale par repr\u00e9sentation<\/a><\/p>\n<p><a href=\"https:\/\/cdad83.fr\/wp-content\/uploads\/2021\/03\/Le-mandat-de-protection-future.pdf\">Guide sur le mandat de protection future<\/a><\/p>\n<p>Besoin d&rsquo;autres renseignements ?<\/p>\n<p>Rendez-vous sur\u00a0<a href=\"https:\/\/www.service-public.fr\/particuliers\/vosdroits\/F2120\">le site justice.fr\/tutelle d&rsquo;une personne majeure<\/a><\/p>\n<p>Rendez-vous sur\u00a0<a href=\"https:\/\/www.service-public.fr\/particuliers\/vosdroits\/F2094#:~:text=La%20curatelle%20est%20une%20mesure,justice%20serait%20une%20protection%20insuffisante.\">le site justice.fr\/curatelle<\/a><\/p>\n<p>Retrouvez la liste des experts m\u00e9dicaux de <b>l&rsquo;aire toulonnaise<\/b> sur ce lien :\u00a0<a href=\"https:\/\/cdad83.fr\/wp-content\/uploads\/2025\/09\/2025-LISTE-MEDECINS-SPECIALISES.pdf\">cliquez-ici<\/a>.<\/p>\n<p>Retrouvez la liste des experts m\u00e9dicaux de <b>l&rsquo;aire drac\u00e9noise <\/b>sur ce lien :\u00a0<a href=\"https:\/\/cdad83.fr\/wp-content\/uploads\/2023\/04\/LISTE-MEDECINS-SPECIALISTES-DRAGUIGNAN-2022.pdf\">cliquez-ici<\/a>.<\/p>\n<p><strong>Adresses utiles :<\/strong><\/p>\n<ul>\n<li><strong>Tribunal judiciaire de Toulon<\/strong><\/li>\n<\/ul>\n<p>Place Gabriel P\u00e9ri<br \/>\nBP 506<br \/>\n83041 Toulon Cedex<\/p>\n<p><strong>Tel : 04 94 09 60 00<\/strong><\/p>\n<ul>\n<li><strong>Tribunal judiciaire de Draguignan<\/strong><\/li>\n<\/ul>\n<p>11 rue Pierre Cl\u00e9ment<br \/>\n83300 Draguignan<\/p>\n<p><strong>Tel : 04 94 60 57 00<\/strong><\/p>\n","protected":false},"excerpt":{"rendered":"<p>Le collectif ISTF est comp\u00e9tent pour vous apporter de l\u2019information et mettre en \u0153uvre un accompagnement \u00e0 la r\u00e9alisation d\u2019actes ou de diligences relatives aux comptes de gestion. Pour rappel, les comptes de gestion, dans le cadre des tutelles et des curatelles, doivent \u00eatre d\u00e9pos\u00e9s annuellement aupr\u00e8s du tribunal comp\u00e9tent, sous peines de poursuites civiles ou p\u00e9nales. Retrouvez toutes les informations utiles sur le site internet de l&rsquo;ISTF et leur flyer, pour consulter leurs permanences : cliquez ici Qu&rsquo;est ce qu&rsquo;une mesure de protection ? La tutelle et la curatelle sont des mesures judiciaires permettant de prot\u00e9ger une personne et son patrimoine. Les d\u00e9marches pour effectuer une demande de tutelle ou de curatelle sont tr\u00e8s similaires mais leurs effets sont distincts. Une personne plac\u00e9e en curatelle reste autonome dans les actes simples de la vie, mais doit \u00eatre accompagn\u00e9e pour les actes substantiels. La tutelle, quant \u00e0 elle, est une mesure plus protectrice. Elle concerne les personnes qui ont perdu leur enti\u00e8re autonomie (alt\u00e9ration des facult\u00e9s mentales ou physiquement incapable d&rsquo;exprimer ses volont\u00e9s) et qui ont besoin d\u2019\u00eatre repr\u00e9sent\u00e9es dans les actes de la vie courante. Afin d\u2019effectuer une demande de\u00a0mesure de protection, il faut saisir le juge des contentieux et de la protection. Il agit dans le seul int\u00e9r\u00eat de la personne. Comment s&rsquo;effectue la demande d&rsquo;une mesure de protection ? \u00a0Guide sur la mesure de tutelle Guide sur la mesure de la curatelle renforc\u00e9e Guide sur la mesure d&rsquo;habilitation familiale par assistance Guide sur la mesure d&rsquo;habilitation familiale par repr\u00e9sentation Guide sur le mandat de protection future Besoin d&rsquo;autres renseignements ? Rendez-vous sur\u00a0le site justice.fr\/tutelle d&rsquo;une personne majeure Rendez-vous sur\u00a0le site justice.fr\/curatelle Retrouvez la liste des experts m\u00e9dicaux de l&rsquo;aire toulonnaise sur ce lien :\u00a0cliquez-ici. Retrouvez la liste des experts m\u00e9dicaux de l&rsquo;aire drac\u00e9noise sur ce lien :\u00a0cliquez-ici. Adresses utiles : Tribunal judiciaire de Toulon Place Gabriel P\u00e9ri BP 506 83041 Toulon Cedex Tel : 04 94 09 60 00 Tribunal judiciaire de Draguignan 11 rue Pierre Cl\u00e9ment 83300 Draguignan Tel : 04 94 60 57 00<\/p>\n","protected":false},"author":1,"featured_media":0,"parent":0,"menu_order":0,"comment_status":"closed","ping_status":"closed","template":"","meta":{"_monsterinsights_skip_tracking":false,"_monsterinsights_sitenote_active":false,"_monsterinsights_sitenote_note":"","_monsterinsights_sitenote_category":0,"footnotes":""},"class_list":["post-187","page","type-page","status-publish","hentry"],"_links":{"self":[{"href":"https:\/\/cdad83.fr\/index.php\/wp-json\/wp\/v2\/pages\/187","targetHints":{"allow":["GET"]}}],"collection":[{"href":"https:\/\/cdad83.fr\/index.php\/wp-json\/wp\/v2\/pages"}],"about":[{"href":"https:\/\/cdad83.fr\/index.php\/wp-json\/wp\/v2\/types\/page"}],"author":[{"embeddable":true,"href":"https:\/\/cdad83.fr\/index.php\/wp-json\/wp\/v2\/users\/1"}],"replies":[{"embeddable":true,"href":"https:\/\/cdad83.fr\/index.php\/wp-json\/wp\/v2\/comments?post=187"}],"version-history":[{"count":1,"href":"https:\/\/cdad83.fr\/index.php\/wp-json\/wp\/v2\/pages\/187\/revisions"}],"predecessor-version":[{"id":5094,"href":"https:\/\/cdad83.fr\/index.php\/wp-json\/wp\/v2\/pages\/187\/revisions\/5094"}],"wp:attachment":[{"href":"https:\/\/cdad83.fr\/index.php\/wp-json\/wp\/v2\/media?parent=187"}],"curies":[{"name":"wp","href":"https:\/\/api.w.org\/{rel}","templated":true}]}}