{"id":2352,"date":"2021-02-23T16:40:22","date_gmt":"2021-02-23T15:40:22","guid":{"rendered":"http:\/\/cdad83.fr\/?page_id=2352"},"modified":"2021-06-02T16:53:25","modified_gmt":"2021-06-02T14:53:25","slug":"interjeter-appel-en-matiere-penale","status":"publish","type":"page","link":"https:\/\/cdad83.fr\/index.php\/interjeter-appel-en-matiere-penale\/","title":{"rendered":"Interjeter appel en mati\u00e8re p\u00e9nale"},"content":{"rendered":"<p>On peut contester la premi\u00e8re d\u00e9cision d&rsquo;une affaire en interjetant appel. Chacune des parties peut enclencher cette proc\u00e9dure selon certains d\u00e9lais. La Cour d&rsquo;appel devra alors examiner et rejuger l&rsquo;affaire.<\/p>\n<p><strong><u>Les conditions pour faire appel<\/u><\/strong><\/p>\n<ul>\n<li>Toutes les parties peuvent faire appel, ce droit peut \u00eatre exerc\u00e9 par une seule ou toutes les parties (pr\u00e9venu, accus\u00e9, partie civile, \u2026).<\/li>\n<li>Toutes les d\u00e9cisions des juridictions p\u00e9nales sont concern\u00e9es (Tribunal de police, tribunal correctionnel, Cour d\u2019assises, les d\u00e9cisions prises par le juge d\u2019instruction et par le juge d\u2019application des peines).<\/li>\n<li>L\u2019appel est possible uniquement en premier ressort. Si le jugement est rendu en premier et dernier ressort alors il faut se pourvoir en cassation<\/li>\n<li>Seule une d\u00e9cision ayant statu\u00e9 au fond peut \u00eatre contest\u00e9e en appel.<\/li>\n<\/ul>\n<p><strong><u>Les d\u00e9lais<\/u><\/strong><\/p>\n<p>En mati\u00e8re p\u00e9nale, le d\u00e9lai est de <strong>10 jours francs <\/strong>et de<strong> 1 mois <\/strong>pour les personnes qui r\u00e9sident hors France m\u00e9tropolitaine.<\/p>\n<p>Le d\u00e9lai cours \u00e0 partir de la signification de la d\u00e9cision soit par un huissier de justice, soit par notification du greffe ou \u00e0 compter du prononc\u00e9 de la d\u00e9cision.<\/p>\n<p><strong><u>La repr\u00e9sentation par l&rsquo;avocat<\/u><\/strong><\/p>\n<p>La repr\u00e9sentation par un avocat n\u2019est pas obligatoire pour faire appel en mati\u00e8re p\u00e9nale.<\/p>\n<p><strong><u>La proc\u00e9dure<\/u><\/strong><\/p>\n<p>La d\u00e9claration d\u2019appel doit \u00eatre formul\u00e9e par votre avocat, si vous \u00eates repr\u00e9sent\u00e9, ou par vous-m\u00eame aupr\u00e8s du greffe du tribunal qui a rendu le jugement contest\u00e9.<\/p>\n<p>La repr\u00e9sentation par un avocat \u00e9tant obligatoire dans la majorit\u00e9 des actions en appel, celui-ci sera en charge de d\u00e9poser la d\u00e9claration d\u2019appel au greffe de la cour comp\u00e9tente, ainsi qu\u2019un m\u00e9moire.<\/p>\n<p>Dans le cas o\u00f9 vous ne souhaiteriez pas \u00eatre repr\u00e9sent\u00e9 par un avocat (dans les situations cit\u00e9es ci-dessus), vous devez faire vous-m\u00eame la d\u00e9claration d\u2019appel au greffe de la cour d\u2019appel comp\u00e9tente.<\/p>\n<p><strong><u>Le co\u00fbt<\/u><\/strong><\/p>\n<p>La proc\u00e9dure d\u2019appel en mati\u00e8re p\u00e9nale est gratuite.&nbsp;Toutefois, si la d\u00e9cision de la cour d\u2019appel vous condamne, vous devrez r\u00e9gler la somme de 169 \u20ac au titre des droits fixes de proc\u00e9dure.<\/p>\n<p>Pour plus d&rsquo;informations, cliquez <a style=\"color: #0000ff;\" href=\"https:\/\/www.service-public.fr\/particuliers\/vosdroits\/F1384\">ici<\/a>.<\/p>\n","protected":false},"excerpt":{"rendered":"<p>On peut contester la premi\u00e8re d\u00e9cision d&rsquo;une affaire en interjetant appel. Chacune des parties peut enclencher cette proc\u00e9dure selon certains d\u00e9lais. La Cour d&rsquo;appel devra alors examiner et rejuger l&rsquo;affaire. Les conditions pour faire appel Toutes les parties peuvent faire appel, ce droit peut \u00eatre exerc\u00e9 par une seule ou toutes les parties (pr\u00e9venu, accus\u00e9, partie civile, \u2026). Toutes les d\u00e9cisions des juridictions p\u00e9nales sont concern\u00e9es (Tribunal de police, tribunal correctionnel, Cour d\u2019assises, les d\u00e9cisions prises par le juge d\u2019instruction et par le juge d\u2019application des peines). L\u2019appel est possible uniquement en premier ressort. Si le jugement est rendu en premier et dernier ressort alors il faut se pourvoir en cassation Seule une d\u00e9cision ayant statu\u00e9 au fond peut \u00eatre contest\u00e9e en appel. Les d\u00e9lais En mati\u00e8re p\u00e9nale, le d\u00e9lai est de 10 jours francs et de 1 mois pour les personnes qui r\u00e9sident hors France m\u00e9tropolitaine. Le d\u00e9lai cours \u00e0 partir de la signification de la d\u00e9cision soit par un huissier de justice, soit par notification du greffe ou \u00e0 compter du prononc\u00e9 de la d\u00e9cision. La repr\u00e9sentation par l&rsquo;avocat La repr\u00e9sentation par un avocat n\u2019est pas obligatoire pour faire appel en mati\u00e8re p\u00e9nale. La proc\u00e9dure La d\u00e9claration d\u2019appel doit \u00eatre formul\u00e9e par votre avocat, si vous \u00eates repr\u00e9sent\u00e9, ou par vous-m\u00eame aupr\u00e8s du greffe du tribunal qui a rendu le jugement contest\u00e9. La repr\u00e9sentation par un avocat \u00e9tant obligatoire dans la majorit\u00e9 des actions en appel, celui-ci sera en charge de d\u00e9poser la d\u00e9claration d\u2019appel au greffe de la cour comp\u00e9tente, ainsi qu\u2019un m\u00e9moire. Dans le cas o\u00f9 vous ne souhaiteriez pas \u00eatre repr\u00e9sent\u00e9 par un avocat (dans les situations cit\u00e9es ci-dessus), vous devez faire vous-m\u00eame la d\u00e9claration d\u2019appel au greffe de la cour d\u2019appel comp\u00e9tente. Le co\u00fbt La proc\u00e9dure d\u2019appel en mati\u00e8re p\u00e9nale est gratuite.&nbsp;Toutefois, si la d\u00e9cision de la cour d\u2019appel vous condamne, vous devrez r\u00e9gler la somme de 169 \u20ac au titre des droits fixes de proc\u00e9dure. Pour plus d&rsquo;informations, cliquez ici.<\/p>\n","protected":false},"author":3,"featured_media":0,"parent":0,"menu_order":0,"comment_status":"closed","ping_status":"closed","template":"","meta":{"_monsterinsights_skip_tracking":false,"_monsterinsights_sitenote_active":false,"_monsterinsights_sitenote_note":"","_monsterinsights_sitenote_category":0,"footnotes":""},"class_list":["post-2352","page","type-page","status-publish","hentry"],"_links":{"self":[{"href":"https:\/\/cdad83.fr\/index.php\/wp-json\/wp\/v2\/pages\/2352","targetHints":{"allow":["GET"]}}],"collection":[{"href":"https:\/\/cdad83.fr\/index.php\/wp-json\/wp\/v2\/pages"}],"about":[{"href":"https:\/\/cdad83.fr\/index.php\/wp-json\/wp\/v2\/types\/page"}],"author":[{"embeddable":true,"href":"https:\/\/cdad83.fr\/index.php\/wp-json\/wp\/v2\/users\/3"}],"replies":[{"embeddable":true,"href":"https:\/\/cdad83.fr\/index.php\/wp-json\/wp\/v2\/comments?post=2352"}],"version-history":[{"count":0,"href":"https:\/\/cdad83.fr\/index.php\/wp-json\/wp\/v2\/pages\/2352\/revisions"}],"wp:attachment":[{"href":"https:\/\/cdad83.fr\/index.php\/wp-json\/wp\/v2\/media?parent=2352"}],"curies":[{"name":"wp","href":"https:\/\/api.w.org\/{rel}","templated":true}]}}