{"id":2767,"date":"2021-04-12T16:43:45","date_gmt":"2021-04-12T14:43:45","guid":{"rendered":"http:\/\/cdad83.fr\/?page_id=2767"},"modified":"2021-06-02T16:54:03","modified_gmt":"2021-06-02T14:54:03","slug":"jeu-concours-creation-dune-oeuvre-pour-lutter-contre-le-harcelement-scolaire","status":"publish","type":"page","link":"https:\/\/cdad83.fr\/index.php\/jeu-concours-creation-dune-oeuvre-pour-lutter-contre-le-harcelement-scolaire\/","title":{"rendered":"Jeu-concours : \u00ab\u00a0Cr\u00e9ation d&rsquo;une \u0153uvre pour lutter contre le harc\u00e8lement scolaire\u00a0\u00bb"},"content":{"rendered":"<p>Afin de c\u00e9l\u00e9brer la journ\u00e9e nationale de l&rsquo;acc\u00e8s au droit, qui aura lieu le <strong>24 mai 2021<\/strong>, le point-justice du Var souhaite faire des usagers, les v\u00e9ritables acteurs de l&rsquo;acc\u00e8s au droit.<\/p>\n<p>Pour cela, notre structure vous propose un jeu-concours. Celui-ci aura pour th\u00e8me sp\u00e9cifique le harc\u00e8lement en milieu scolaire. Le but du concours est de cr\u00e9er, selon le support de <strong>votre choix<\/strong> (une vid\u00e9o, une photo ou un \u00e9crit), un contenu <strong>d\u00e9non\u00e7ant ou sensibilisant le public sur la question du harc\u00e8lement scolaire<\/strong>.<\/p>\n<p>Pour participer, vous devez prendre connaissance du <a href=\"https:\/\/cdad83.fr\/index.php\/reglement-du-jeu-concours-du-25-mai-2021\/\"><strong>r\u00e8glement du jeu-concours<\/strong><\/a>, le signer, et remplir le <strong><a href=\"https:\/\/cdad83.fr\/index.php\/formulaire-dinscription-au-jeu-concours-du-25-mai-2021\/\">formulaire d&rsquo;inscription<\/a><\/strong>, puis retourner l&rsquo;ensemble des documents selon les consignes inscrites dans le r\u00e8glement.<\/p>\n<p>Nous restons \u00e0 votre disposition pour tout renseignement compl\u00e9mentaire au <em>04.94.92.91.92<\/em> ou \u00e0 l&rsquo;adresse mail suivante : <a href=\"mailto:concours.point-justice83@gmail.com\">concours.pointjustice83@gmail.com<\/a><\/p>\n<p style=\"text-align: center;\"><img decoding=\"async\" src=\"https:\/\/cdad83.fr\/wp-content\/uploads\/2021\/04\/Projet-de-Concours-de-lutte-contre-le-harcelement-scolaire-pour-la-journee-nationale-de-lacces-au-droit-2021_page-0003-724x1024.jpg\"><\/p>\n","protected":false},"excerpt":{"rendered":"<p>Afin de c\u00e9l\u00e9brer la journ\u00e9e nationale de l&rsquo;acc\u00e8s au droit, qui aura lieu le 24 mai 2021, le point-justice du Var souhaite faire des usagers, les v\u00e9ritables acteurs de l&rsquo;acc\u00e8s au droit. Pour cela, notre structure vous propose un jeu-concours. Celui-ci aura pour th\u00e8me sp\u00e9cifique le harc\u00e8lement en milieu scolaire. Le but du concours est de cr\u00e9er, selon le support de votre choix (une vid\u00e9o, une photo ou un \u00e9crit), un contenu d\u00e9non\u00e7ant ou sensibilisant le public sur la question du harc\u00e8lement scolaire. Pour participer, vous devez prendre connaissance du r\u00e8glement du jeu-concours, le signer, et remplir le formulaire d&rsquo;inscription, puis retourner l&rsquo;ensemble des documents selon les consignes inscrites dans le r\u00e8glement. Nous restons \u00e0 votre disposition pour tout renseignement compl\u00e9mentaire au 04.94.92.91.92 ou \u00e0 l&rsquo;adresse mail suivante : concours.pointjustice83@gmail.com<\/p>\n","protected":false},"author":3,"featured_media":0,"parent":0,"menu_order":0,"comment_status":"closed","ping_status":"closed","template":"","meta":{"_monsterinsights_skip_tracking":false,"_monsterinsights_sitenote_active":false,"_monsterinsights_sitenote_note":"","_monsterinsights_sitenote_category":0,"footnotes":""},"class_list":["post-2767","page","type-page","status-publish","hentry"],"_links":{"self":[{"href":"https:\/\/cdad83.fr\/index.php\/wp-json\/wp\/v2\/pages\/2767","targetHints":{"allow":["GET"]}}],"collection":[{"href":"https:\/\/cdad83.fr\/index.php\/wp-json\/wp\/v2\/pages"}],"about":[{"href":"https:\/\/cdad83.fr\/index.php\/wp-json\/wp\/v2\/types\/page"}],"author":[{"embeddable":true,"href":"https:\/\/cdad83.fr\/index.php\/wp-json\/wp\/v2\/users\/3"}],"replies":[{"embeddable":true,"href":"https:\/\/cdad83.fr\/index.php\/wp-json\/wp\/v2\/comments?post=2767"}],"version-history":[{"count":0,"href":"https:\/\/cdad83.fr\/index.php\/wp-json\/wp\/v2\/pages\/2767\/revisions"}],"wp:attachment":[{"href":"https:\/\/cdad83.fr\/index.php\/wp-json\/wp\/v2\/media?parent=2767"}],"curies":[{"name":"wp","href":"https:\/\/api.w.org\/{rel}","templated":true}]}}