{"id":306,"date":"2018-02-06T16:57:36","date_gmt":"2018-02-06T15:57:36","guid":{"rendered":"http:\/\/cdad83.fr\/?page_id=306"},"modified":"2021-06-02T16:21:17","modified_gmt":"2021-06-02T14:21:17","slug":"acces-au-droit-des-seniors","status":"publish","type":"page","link":"https:\/\/cdad83.fr\/index.php\/acces-au-droit-des-seniors\/","title":{"rendered":"Acc\u00e8s au droit des seniors"},"content":{"rendered":"<p style=\"text-align: justify;\">Dans le cadre de l\u2019acc\u00e8s au droit des s\u00e9niors le Conseil d\u00e9partemental de l&rsquo;acc\u00e8s au droit du Var participe r\u00e9guli\u00e8rement au forum des s\u00e9niors organis\u00e9 par la ville de Toulon.<\/p>\n<p style=\"text-align: justify;\">Ce forum a \u00e9t\u00e9 l\u2019occasion pour les s\u00e9niors&nbsp; de pouvoir&nbsp; rencontrer &nbsp;des juges des tutelles &nbsp;ainsi que des associations tut\u00e9laires.<\/p>\n<p style=\"text-align: justify;\">La loi propose diff\u00e9rentes mesures afin de prot\u00e9ger les personnes vuln\u00e9rables c\u2019est-\u00e0-dire les personnes affaiblies par l\u2019\u00e2ge, atteintes d\u2019un handicap ou bless\u00e9es suite \u00e0 un accident de la vie.<\/p>\n<p style=\"text-align: justify;\">L\u2019entourage familial des personnes vuln\u00e9rables peuvent \u00eatre assist\u00e9es ou conseill\u00e9es par&nbsp;:<\/p>\n<ul style=\"text-align: justify;\">\n<li><a href=\"https:\/\/cdad83.fr\/index.php\/mise-sous-tutelle\/\">le juge des contentieux et de la protection<\/a> pour les missions de protection et d\u2019autorisation d\u00e9volues \u00e0 l\u2019 \u00c9tat<\/li>\n<li><a href=\"http:\/\/www.cr-aixenprovence.notaires.fr\/fr\/liens1\/chambre-notaires-var.html\">le notaire<\/a> pour tous les conseils d\u2019ordre patrimonial et priv\u00e9<\/li>\n<li>les associations tut\u00e9laires dont le r\u00f4le d\u2019accompagnement est essentiel pour les tuteurs familiaux : <a href=\"http:\/\/www.tuteursfamiliaux-paca.fr\/quest-ce-que-listf\/\">Site internet de l&rsquo;ISTF<\/a><\/li>\n<\/ul>\n<p>Des informations compl\u00e9mentaires sur le <a href=\"https:\/\/cdad83.fr\/wp-content\/uploads\/2020\/09\/FLYER-UDAF-83-COLLECTIF-ISTF.pdf\">Flyer de l&rsquo;UDAF 83 collectif ISTF<\/a>.<\/p>\n","protected":false},"excerpt":{"rendered":"<p>Dans le cadre de l\u2019acc\u00e8s au droit des s\u00e9niors le Conseil d\u00e9partemental de l&rsquo;acc\u00e8s au droit du Var participe r\u00e9guli\u00e8rement au forum des s\u00e9niors organis\u00e9 par la ville de Toulon. Ce forum a \u00e9t\u00e9 l\u2019occasion pour les s\u00e9niors&nbsp; de pouvoir&nbsp; rencontrer &nbsp;des juges des tutelles &nbsp;ainsi que des associations tut\u00e9laires. La loi propose diff\u00e9rentes mesures afin de prot\u00e9ger les personnes vuln\u00e9rables c\u2019est-\u00e0-dire les personnes affaiblies par l\u2019\u00e2ge, atteintes d\u2019un handicap ou bless\u00e9es suite \u00e0 un accident de la vie. L\u2019entourage familial des personnes vuln\u00e9rables peuvent \u00eatre assist\u00e9es ou conseill\u00e9es par&nbsp;: le juge des contentieux et de la protection pour les missions de protection et d\u2019autorisation d\u00e9volues \u00e0 l\u2019 \u00c9tat le notaire pour tous les conseils d\u2019ordre patrimonial et priv\u00e9 les associations tut\u00e9laires dont le r\u00f4le d\u2019accompagnement est essentiel pour les tuteurs familiaux : Site internet de l&rsquo;ISTF Des informations compl\u00e9mentaires sur le Flyer de l&rsquo;UDAF 83 collectif ISTF.<\/p>\n","protected":false},"author":1,"featured_media":0,"parent":0,"menu_order":0,"comment_status":"closed","ping_status":"closed","template":"","meta":{"_monsterinsights_skip_tracking":false,"_monsterinsights_sitenote_active":false,"_monsterinsights_sitenote_note":"","_monsterinsights_sitenote_category":0,"footnotes":""},"class_list":["post-306","page","type-page","status-publish","hentry"],"_links":{"self":[{"href":"https:\/\/cdad83.fr\/index.php\/wp-json\/wp\/v2\/pages\/306","targetHints":{"allow":["GET"]}}],"collection":[{"href":"https:\/\/cdad83.fr\/index.php\/wp-json\/wp\/v2\/pages"}],"about":[{"href":"https:\/\/cdad83.fr\/index.php\/wp-json\/wp\/v2\/types\/page"}],"author":[{"embeddable":true,"href":"https:\/\/cdad83.fr\/index.php\/wp-json\/wp\/v2\/users\/1"}],"replies":[{"embeddable":true,"href":"https:\/\/cdad83.fr\/index.php\/wp-json\/wp\/v2\/comments?post=306"}],"version-history":[{"count":1,"href":"https:\/\/cdad83.fr\/index.php\/wp-json\/wp\/v2\/pages\/306\/revisions"}],"predecessor-version":[{"id":5092,"href":"https:\/\/cdad83.fr\/index.php\/wp-json\/wp\/v2\/pages\/306\/revisions\/5092"}],"wp:attachment":[{"href":"https:\/\/cdad83.fr\/index.php\/wp-json\/wp\/v2\/media?parent=306"}],"curies":[{"name":"wp","href":"https:\/\/api.w.org\/{rel}","templated":true}]}}