{"id":320,"date":"2018-02-06T17:02:53","date_gmt":"2018-02-06T16:02:53","guid":{"rendered":"http:\/\/cdad83.fr\/?page_id=320"},"modified":"2025-04-08T11:13:42","modified_gmt":"2025-04-08T09:13:42","slug":"mjd-de-toulon","status":"publish","type":"page","link":"https:\/\/cdad83.fr\/index.php\/mjd-de-toulon\/","title":{"rendered":"MJD de Toulon"},"content":{"rendered":"\n<p>La maison de justice et du droit (MJD)&nbsp; est un \u00e9tablissement judiciaire qui permet \u00e0 l\u2019usager de mieux conna\u00eetre et d\u00e9fendre ses droits.<\/p>\n\n\n\n<p>La maison de la justice et du droit (MJD) assure une pr\u00e9sence judiciaire de proximit\u00e9 et concourt \u00e0 la pr\u00e9vention de la d\u00e9linquance, \u00e0 l&rsquo;aide aux victimes et \u00e0 l&rsquo;acc\u00e8s au droit.<\/p>\n\n\n\n<p>Tout citoyen peut ainsi obtenir des renseignements sur ses droits et devoirs, en rencontrant des professionnels du droit ou des associations sp\u00e9cialis\u00e9es.<\/p>\n\n\n\n<p>Les permanences du point-justice de la M.J.D. de Toulon :<\/p>\n\n\n\n<div class=\"wp-block-columns is-layout-flex wp-container-core-columns-is-layout-1 wp-block-columns-is-layout-flex\">\n<div class=\"wp-block-column is-layout-flow wp-block-column-is-layout-flow\" style=\"flex-basis:100%\">\n<div class=\"wp-block-group\"><div class=\"wp-block-group__inner-container is-layout-constrained wp-block-group-is-layout-constrained\">\n<figure class=\"wp-block-table is-style-stripes\"><table class=\"has-fixed-layout\"><thead><tr><th class=\"has-text-align-center\" data-align=\"center\">Type<\/th><th class=\"has-text-align-center\" data-align=\"center\">Rendez-vous<\/th><th class=\"has-text-align-center\" data-align=\"center\">T\u00e9l\u00e9phone<\/th><\/tr><\/thead><tbody><tr><td class=\"has-text-align-center\" data-align=\"center\">Avocat<\/td><td class=\"has-text-align-center\" data-align=\"center\">Tous les lundis et jeudis<\/td><td class=\"has-text-align-center\" data-align=\"center\">04 94 87 14 60<\/td><\/tr><tr><td class=\"has-text-align-center\" data-align=\"center\">Commissaire de Justice<\/td><td class=\"has-text-align-center\" data-align=\"center\">Tous les 4e vendredis du mois<\/td><td class=\"has-text-align-center\" data-align=\"center\">04 94 87 14 60<\/td><\/tr><tr><td class=\"has-text-align-center\" data-align=\"center\">Avocat droit du travail<\/td><td class=\"has-text-align-center\" data-align=\"center\">Tous les 1er jeudis du mois<\/td><td class=\"has-text-align-center\" data-align=\"center\">04 94 87 14 60<\/td><\/tr><tr><td class=\"has-text-align-center\" data-align=\"center\">Notaire<\/td><td class=\"has-text-align-center\" data-align=\"center\">Tous les 4e jeudis du mois<\/td><td class=\"has-text-align-center\" data-align=\"center\">04 94 87 14 60<\/td><\/tr><tr><td class=\"has-text-align-center\" data-align=\"center\">Ecrivain public <\/td><td class=\"has-text-align-center\" data-align=\"center\"><em>Ecrit plume<\/em> : tous les mardis apr\u00e8s midi &#8211; sur rendez-vous<br><br><em>LM Ecrire <\/em>: tous les jeudis matin<br>sur rendez-vous<\/td><td class=\"has-text-align-center\" data-align=\"center\">06 10 40 25 61<br><br>06 61 31 78 77<\/td><\/tr><\/tbody><\/table><\/figure>\n<\/div><\/div>\n<\/div>\n<\/div>\n\n\n\n<p>Afin d\u2019assurer une pr\u00e9sence judiciaire gratuite de proximit\u00e9 et de r\u00e9pondre aux besoins d\u2019information juridique des usagers, la MJD re\u00e7oit de nombreux intervenants :<\/p>\n\n\n\n<ul class=\"wp-block-list\">\n<li><em>les intervenants institutionnels <\/em>: les d\u00e9l\u00e9gu\u00e9s du procureur de la R\u00e9publique, les conciliateurs de justice, les d\u00e9l\u00e9gu\u00e9s du d\u00e9fenseur des droits, les services p\u00e9nitentiaires d\u2019insertion et de probation (SPIP),<\/li>\n\n\n\n<li><em>les associations<\/em> (aide aux victimes, associations tut\u00e9laires, m\u00e9diation familiale, etc \u2026)<\/li>\n\n\n\n<li><em>les professionnels du droit <\/em>: avocats, huissiers de justice et notaires<\/li>\n\n\n\n<li><a href=\"https:\/\/cdad83.fr\/?s=conciliateur\" data-type=\"link\" data-id=\"https:\/\/cdad83.fr\/?s=conciliateur\"><em>Les conciliateurs de Justice<\/em> <\/a>: r\u00e8glement des diff\u00e9rents \u00e0 l&rsquo;amiable. <\/li>\n<\/ul>\n\n\n\n<p>La maison de justice et du droit concourt \u00e0 l\u2019exercice de plusieurs missions&nbsp;:<\/p>\n\n\n\n<ul class=\"wp-block-list\">\n<li>assure un accueil pour l\u2019information et l\u2019orientation du public<\/li>\n\n\n\n<li>facilite l\u2019ex\u00e9cution de mesures judiciaires p\u00e9nales (contr\u00f4les judiciaires, rappels \u00e0 la loi, composition p\u00e9nale&#8230;)<\/li>\n\n\n\n<li>permet une \u00e9coute privil\u00e9gi\u00e9e des victimes, un accompagnement dans leurs d\u00e9marches si n\u00e9cessaire, un soutien psychologique<\/li>\n\n\n\n<li>favorise l\u2019acc\u00e8s au droit par des permanences d\u2019informations et de consultations juridiques<\/li>\n\n\n\n<li>d\u00e9veloppe le recours aux modes alternatifs de r\u00e8glement des conflits (m\u00e9diation, conciliation) et le recours \u00e0 la m\u00e9diation familiale \u00e0 travers un entretien d\u2019information.<\/li>\n\n\n\n<li>organise des permanences avec les d\u00e9l\u00e9gu\u00e9s du d\u00e9fenseur des droits<\/li>\n<\/ul>\n\n\n\n<p><b>Maison de justice et du droit de Toulon<br>Place Besagne, Traverse des Minimes <\/b><br>Au dessus du centre commercial Mayol <br>Ancien conseil g\u00e9n\u00e9ral.<\/p>\n\n\n\n<p><b>83000 TOULON <\/b><\/p>\n\n\n\n<p><b>T\u00e9l&nbsp;: <\/b><b>04 94 87 14 60<\/b><\/p>\n","protected":false},"excerpt":{"rendered":"<p>La maison de justice et du droit (MJD)&nbsp; est un \u00e9tablissement judiciaire qui permet \u00e0 l\u2019usager de mieux conna\u00eetre et d\u00e9fendre ses droits. La maison de la justice et du droit (MJD) assure une pr\u00e9sence judiciaire de proximit\u00e9 et concourt \u00e0 la pr\u00e9vention de la d\u00e9linquance, \u00e0 l&rsquo;aide aux victimes et \u00e0 l&rsquo;acc\u00e8s au droit. Tout citoyen peut ainsi obtenir des renseignements sur ses droits et devoirs, en rencontrant des professionnels du droit ou des associations sp\u00e9cialis\u00e9es. Les permanences du point-justice de la M.J.D. de Toulon : Type Rendez-vous T\u00e9l\u00e9phone Avocat Tous les lundis et jeudis 04 94 87 14 60 Commissaire de Justice Tous les 4e vendredis du mois 04 94 87 14 60 Avocat droit du travail Tous les 1er jeudis du mois 04 94 87 14 60 Notaire Tous les 4e jeudis du mois 04 94 87 14 60 Ecrivain public Ecrit plume : tous les mardis apr\u00e8s midi &#8211; sur rendez-vous LM Ecrire : tous les jeudis matinsur rendez-vous 06 10 40 25 61 06 61 31 78 77 Afin d\u2019assurer une pr\u00e9sence judiciaire gratuite de proximit\u00e9 et de r\u00e9pondre aux besoins d\u2019information juridique des usagers, la MJD re\u00e7oit de nombreux intervenants : La maison de justice et du droit concourt \u00e0 l\u2019exercice de plusieurs missions&nbsp;: Maison de justice et du droit de ToulonPlace Besagne, Traverse des Minimes Au dessus du centre commercial Mayol Ancien conseil g\u00e9n\u00e9ral. 83000 TOULON T\u00e9l&nbsp;: 04 94 87 14 60<\/p>\n","protected":false},"author":1,"featured_media":0,"parent":0,"menu_order":0,"comment_status":"closed","ping_status":"closed","template":"","meta":{"_monsterinsights_skip_tracking":false,"_monsterinsights_sitenote_active":false,"_monsterinsights_sitenote_note":"","_monsterinsights_sitenote_category":0,"footnotes":""},"class_list":["post-320","page","type-page","status-publish","hentry"],"_links":{"self":[{"href":"https:\/\/cdad83.fr\/index.php\/wp-json\/wp\/v2\/pages\/320","targetHints":{"allow":["GET"]}}],"collection":[{"href":"https:\/\/cdad83.fr\/index.php\/wp-json\/wp\/v2\/pages"}],"about":[{"href":"https:\/\/cdad83.fr\/index.php\/wp-json\/wp\/v2\/types\/page"}],"author":[{"embeddable":true,"href":"https:\/\/cdad83.fr\/index.php\/wp-json\/wp\/v2\/users\/1"}],"replies":[{"embeddable":true,"href":"https:\/\/cdad83.fr\/index.php\/wp-json\/wp\/v2\/comments?post=320"}],"version-history":[{"count":0,"href":"https:\/\/cdad83.fr\/index.php\/wp-json\/wp\/v2\/pages\/320\/revisions"}],"wp:attachment":[{"href":"https:\/\/cdad83.fr\/index.php\/wp-json\/wp\/v2\/media?parent=320"}],"curies":[{"name":"wp","href":"https:\/\/api.w.org\/{rel}","templated":true}]}}