{"id":3430,"date":"2021-06-07T15:57:51","date_gmt":"2021-06-07T13:57:51","guid":{"rendered":"https:\/\/cdad83.fr\/?page_id=3430"},"modified":"2024-06-28T14:06:54","modified_gmt":"2024-06-28T12:06:54","slug":"droit-du-travail","status":"publish","type":"page","link":"https:\/\/cdad83.fr\/index.php\/droit-du-travail\/","title":{"rendered":"Droit du travail"},"content":{"rendered":"\n<p>Le Conseil D\u00e9partemental de l&rsquo;Acc\u00e8s au Droit du Var vous offre un acc\u00e8s vers des permanences, organismes et des sites internet qui pourront vous aider pour conna\u00eetre vos droits, vos obligations et vos d\u00e9marches concernant le droit du travail.<\/p>\n\n\n\n<p>Nous mettons \u00e0 votre disposition des permanences en droit du travail : <\/p>\n\n\n\n<figure class=\"wp-block-table\"><table><tbody><tr><td class=\"has-text-align-center\" data-align=\"center\"><strong>Ou ?<\/strong><\/td><td class=\"has-text-align-center\" data-align=\"center\"><strong>Quand ?<\/strong><\/td><td class=\"has-text-align-center\" data-align=\"center\"><strong>Sur rendez-vous ?<\/strong><\/td><td class=\"has-text-align-center\" data-align=\"center\"><strong>T\u00e9l\u00e9phone<\/strong><\/td><\/tr><tr><td class=\"has-text-align-center\" data-align=\"center\">Draguignan<\/td><td class=\"has-text-align-center\" data-align=\"center\">1er jeudi du mois<\/td><td class=\"has-text-align-center\" data-align=\"center\">oui<\/td><td class=\"has-text-align-center\" data-align=\"center\">04 98 10 29 20<\/td><\/tr><tr><td class=\"has-text-align-center\" data-align=\"center\">Fr\u00e9jus<\/td><td class=\"has-text-align-center\" data-align=\"center\">1er jeudi du mois<\/td><td class=\"has-text-align-center\" data-align=\"center\">oui<\/td><td class=\"has-text-align-center\" data-align=\"center\">04 94 51 76 42<\/td><\/tr><tr><td class=\"has-text-align-center\" data-align=\"center\">La Seyne-sur-Mer (MJD)<\/td><td class=\"has-text-align-center\" data-align=\"center\">1er vendredi du mois<\/td><td class=\"has-text-align-center\" data-align=\"center\">oui<\/td><td class=\"has-text-align-center\" data-align=\"center\">04 94 06 97 46<\/td><\/tr><tr><td class=\"has-text-align-center\" data-align=\"center\">Toulon (MJD)<\/td><td class=\"has-text-align-center\" data-align=\"center\">1er jeudi du mois<\/td><td class=\"has-text-align-center\" data-align=\"center\">oui<\/td><td class=\"has-text-align-center\" data-align=\"center\">04 94 87 14 60<\/td><\/tr><\/tbody><\/table><\/figure>\n\n\n\n<p><strong>Retrouver une permanences en droit du travail sans rendez-vous tous les 1er jeudi du mois au Tribunal judiciaire de Toulon de 9h \u00e0 12h. <\/strong><\/p>\n\n\n\n<p>Le minist\u00e8re du travail a mis en place un site internet pour vous tenir informer de vos droits \u00e0 travers des fiches pratiques.<\/p>\n\n\n\n<div class=\"wp-block-buttons is-layout-flex wp-block-buttons-is-layout-flex\">\n<div class=\"wp-block-button has-custom-width wp-block-button__width-100 is-style-outline is-style-outline--1\"><a class=\"wp-block-button__link has-black-color has-white-background-color has-text-color has-background wp-element-button\" href=\"https:\/\/travail-emploi.gouv.fr\/droit-du-travail\/\"><strong>Minist\u00e8re du travail : fiches pratiques en droit du travail<\/strong><\/a><\/div>\n<\/div>\n\n\n\n<p>Pour toutes informations compl\u00e9mentaires vous pouvez joindre des organismes sp\u00e9cialis\u00e9s : <\/p>\n\n\n\n<p><strong>A.F.P.A. (Agence nationale pour la Formation Professionnelle des Adultes)<\/strong> : Un centre de formation et d&rsquo;information sur l&rsquo;insertion professionnelle pour faciliter les recrutements et les formations. <br>Renseignements au <strong><span class=\"has-inline-color has-vivid-red-color\">09 72 72 39 36<\/span><\/strong>.<\/p>\n\n\n\n<p><strong>A.I.S.T. (Association Interprofessionnelle de Sant\u00e9 au Travail)<\/strong> : une association qui m\u00e8ne des actions de pr\u00e9ventions et de conseils sur les obligations de la sant\u00e9 au travail. <br>Renseignements au 0<strong><span class=\"has-inline-color has-vivid-red-color\">4 94 89 97 97<\/span><\/strong>.<\/p>\n","protected":false},"excerpt":{"rendered":"<p>Le Conseil D\u00e9partemental de l&rsquo;Acc\u00e8s au Droit du Var vous offre un acc\u00e8s vers des permanences, organismes et des sites internet qui pourront vous aider pour conna\u00eetre vos droits, vos obligations et vos d\u00e9marches concernant le droit du travail. Nous mettons \u00e0 votre disposition des permanences en droit du travail : Ou ? Quand ? Sur rendez-vous ? T\u00e9l\u00e9phone Draguignan 1er jeudi du mois oui 04 98 10 29 20 Fr\u00e9jus 1er jeudi du mois oui 04 94 51 76 42 La Seyne-sur-Mer (MJD) 1er vendredi du mois oui 04 94 06 97 46 Toulon (MJD) 1er jeudi du mois oui 04 94 87 14 60 Retrouver une permanences en droit du travail sans rendez-vous tous les 1er jeudi du mois au Tribunal judiciaire de Toulon de 9h \u00e0 12h. Le minist\u00e8re du travail a mis en place un site internet pour vous tenir informer de vos droits \u00e0 travers des fiches pratiques. Pour toutes informations compl\u00e9mentaires vous pouvez joindre des organismes sp\u00e9cialis\u00e9s : A.F.P.A. (Agence nationale pour la Formation Professionnelle des Adultes) : Un centre de formation et d&rsquo;information sur l&rsquo;insertion professionnelle pour faciliter les recrutements et les formations. Renseignements au 09 72 72 39 36. A.I.S.T. (Association Interprofessionnelle de Sant\u00e9 au Travail) : une association qui m\u00e8ne des actions de pr\u00e9ventions et de conseils sur les obligations de la sant\u00e9 au travail. Renseignements au 04 94 89 97 97.<\/p>\n","protected":false},"author":3,"featured_media":0,"parent":0,"menu_order":0,"comment_status":"closed","ping_status":"closed","template":"","meta":{"_monsterinsights_skip_tracking":false,"_monsterinsights_sitenote_active":false,"_monsterinsights_sitenote_note":"","_monsterinsights_sitenote_category":0,"footnotes":""},"class_list":["post-3430","page","type-page","status-publish","hentry"],"_links":{"self":[{"href":"https:\/\/cdad83.fr\/index.php\/wp-json\/wp\/v2\/pages\/3430","targetHints":{"allow":["GET"]}}],"collection":[{"href":"https:\/\/cdad83.fr\/index.php\/wp-json\/wp\/v2\/pages"}],"about":[{"href":"https:\/\/cdad83.fr\/index.php\/wp-json\/wp\/v2\/types\/page"}],"author":[{"embeddable":true,"href":"https:\/\/cdad83.fr\/index.php\/wp-json\/wp\/v2\/users\/3"}],"replies":[{"embeddable":true,"href":"https:\/\/cdad83.fr\/index.php\/wp-json\/wp\/v2\/comments?post=3430"}],"version-history":[{"count":0,"href":"https:\/\/cdad83.fr\/index.php\/wp-json\/wp\/v2\/pages\/3430\/revisions"}],"wp:attachment":[{"href":"https:\/\/cdad83.fr\/index.php\/wp-json\/wp\/v2\/media?parent=3430"}],"curies":[{"name":"wp","href":"https:\/\/api.w.org\/{rel}","templated":true}]}}

<p>Le Conseil Départemental de l&rsquo;Accès au Droit du Var vous offre un accès vers des permanences, organismes et des sites internet qui pourront vous aider pour connaître vos droits, vos obligations et vos démarches concernant le droit du travail.</p>



<p>Nous mettons à votre disposition des permanences en droit du travail : </p>



<figure class="wp-block-table"><table><tbody><tr><td class="has-text-align-center" data-align="center"><strong>Ou ?</strong></td><td class="has-text-align-center" data-align="center"><strong>Quand ?</strong></td><td class="has-text-align-center" data-align="center"><strong>Sur rendez-vous ?</strong></td><td class="has-text-align-center" data-align="center"><strong>Téléphone</strong></td></tr><tr><td class="has-text-align-center" data-align="center">Draguignan</td><td class="has-text-align-center" data-align="center">1er jeudi du mois</td><td class="has-text-align-center" data-align="center">oui</td><td class="has-text-align-center" data-align="center">04 98 10 29 20</td></tr><tr><td class="has-text-align-center" data-align="center">Fréjus</td><td class="has-text-align-center" data-align="center">1er jeudi du mois</td><td class="has-text-align-center" data-align="center">oui</td><td class="has-text-align-center" data-align="center">04 94 51 76 42</td></tr><tr><td class="has-text-align-center" data-align="center">La Seyne-sur-Mer (MJD)</td><td class="has-text-align-center" data-align="center">1er vendredi du mois</td><td class="has-text-align-center" data-align="center">oui</td><td class="has-text-align-center" data-align="center">04 94 06 97 46</td></tr><tr><td class="has-text-align-center" data-align="center">Toulon (MJD)</td><td class="has-text-align-center" data-align="center">1er jeudi du mois</td><td class="has-text-align-center" data-align="center">oui</td><td class="has-text-align-center" data-align="center">04 94 87 14 60</td></tr></tbody></table></figure>



<p><strong>Retrouver une permanences en droit du travail sans rendez-vous tous les 1er jeudi du mois au Tribunal judiciaire de Toulon de 9h à 12h. </strong></p>



<p>Le ministère du travail a mis en place un site internet pour vous tenir informer de vos droits à travers des fiches pratiques.</p>



<div class="wp-block-buttons is-layout-flex wp-block-buttons-is-layout-flex">
<div class="wp-block-button has-custom-width wp-block-button__width-100 is-style-outline is-style-outline--1"><a class="wp-block-button__link has-black-color has-white-background-color has-text-color has-background wp-element-button" href="https://travail-emploi.gouv.fr/droit-du-travail/"><strong>Ministère du travail : fiches pratiques en droit du travail</strong></a></div>
</div>



<p>Pour toutes informations complémentaires vous pouvez joindre des organismes spécialisés : </p>



<p><strong>A.F.P.A. (Agence nationale pour la Formation Professionnelle des Adultes)</strong> : Un centre de formation et d&rsquo;information sur l&rsquo;insertion professionnelle pour faciliter les recrutements et les formations. <br>Renseignements au <strong><span class="has-inline-color has-vivid-red-color">09 72 72 39 36</span></strong>.</p>



<p><strong>A.I.S.T. (Association Interprofessionnelle de Santé au Travail)</strong> : une association qui mène des actions de préventions et de conseils sur les obligations de la santé au travail. <br>Renseignements au 0<strong><span class="has-inline-color has-vivid-red-color">4 94 89 97 97</span></strong>.</p>

<p>Le Conseil Départemental de l&rsquo;Accès au Droit du Var vous offre un accès vers des permanences, organismes et des sites internet qui pourront vous aider pour connaître vos droits, vos obligations et vos démarches concernant le droit du travail. Nous mettons à votre disposition des permanences en droit du travail : Ou ? Quand ? Sur rendez-vous ? Téléphone Draguignan 1er jeudi du mois oui 04 98 10 29 20 Fréjus 1er jeudi du mois oui 04 94 51 76 42 La Seyne-sur-Mer (MJD) 1er vendredi du mois oui 04 94 06 97 46 Toulon (MJD) 1er jeudi du mois oui 04 94 87 14 60 Retrouver une permanences en droit du travail sans rendez-vous tous les 1er jeudi du mois au Tribunal judiciaire de Toulon de 9h à 12h. Le ministère du travail a mis en place un site internet pour vous tenir informer de vos droits à travers des fiches pratiques. Pour toutes informations complémentaires vous pouvez joindre des organismes spécialisés : A.F.P.A. (Agence nationale pour la Formation Professionnelle des Adultes) : Un centre de formation et d&rsquo;information sur l&rsquo;insertion professionnelle pour faciliter les recrutements et les formations. Renseignements au 09 72 72 39 36. A.I.S.T. (Association Interprofessionnelle de Santé au Travail) : une association qui mène des actions de préventions et de conseils sur les obligations de la santé au travail. Renseignements au 04 94 89 97 97.</p>
