{"id":3439,"date":"2021-06-07T16:24:00","date_gmt":"2021-06-07T14:24:00","guid":{"rendered":"https:\/\/cdad83.fr\/?page_id=3439"},"modified":"2021-06-08T15:12:04","modified_gmt":"2021-06-08T13:12:04","slug":"droit-de-la-famille","status":"publish","type":"page","link":"https:\/\/cdad83.fr\/index.php\/droit-de-la-famille\/","title":{"rendered":"Droit de la famille"},"content":{"rendered":"\n<p>Le Conseil D\u00e9partemental de l\u2019Acc\u00e8s au Droit du Var vous offre un acc\u00e8s vers des permanences et organismes pour vous aider et informer sur vos droits, obligations et d\u00e9marches.<\/p>\n\n\n\n<p>Si vous recherchez un document ou avez une question pr\u00e9cise vous trouverez peut-\u00eatre votre r\u00e9ponse sur cette page : <\/p>\n\n\n\n<div class=\"wp-block-buttons is-content-justification-center is-layout-flex wp-block-buttons-is-layout-flex\">\n<div class=\"wp-block-button is-style-outline is-style-outline--1\"><a class=\"wp-block-button__link has-black-color has-white-background-color has-text-color has-background\" href=\"https:\/\/cdad83.fr\/index.php\/droit-de-la-famille-et-de-lenfant\/\"><strong>Droit de le famille et de l&rsquo;enfant<\/strong><\/a><\/div>\n<\/div>\n\n\n\n<p>Nous mettons \u00e0 votre disposition des permanences avec des avocats et des juristes sur le droit de la famille :<\/p>\n\n\n\n<div class=\"wp-block-buttons is-layout-flex wp-block-buttons-is-layout-flex\">\n<div class=\"wp-block-button has-custom-width wp-block-button__width-50 is-style-outline is-style-outline--2\"><a class=\"wp-block-button__link has-black-color has-white-background-color has-text-color has-background\" href=\"https:\/\/cdad83.fr\/index.php\/avocats-generalistes\/\"><strong>Permanences avocats<\/strong><\/a><\/div>\n\n\n\n<div class=\"wp-block-button has-custom-width wp-block-button__width-50 is-style-outline is-style-outline--3\"><a class=\"wp-block-button__link has-black-color has-white-background-color has-text-color has-background\" href=\"https:\/\/cdad83.fr\/index.php\/cidff\/\"><strong>Permanences C.I.D.F.F.<\/strong><\/a><\/div>\n<\/div>\n\n\n\n<p>Pour toutes informations compl\u00e9mentaires vous pouvez joindre des organismes sp\u00e9cialis\u00e9s :<\/p>\n\n\n\n<p><strong>C.I.D.F.F. (Centre d&rsquo;Information sur les Droits des Femmes et des Familles)<\/strong> : soutien et accompagne juridiquement et psychologiquement les femmes et familles. <br>Renseignements au <strong><span class=\"has-inline-color has-vivid-red-color\">04 94 65 82 84<\/span><\/strong>.<\/p>\n\n\n\n<p><strong>A.D.S.E.A.A.V. (Association D\u00e9partementale de Sauvegarde des Enfants, des Adolescents et des Adultes du Var)<\/strong> : m\u00e8ne des actions de pr\u00e9vention pour les familles et les mineurs.<br>Renseignements au <strong><span class=\"has-inline-color has-vivid-red-color\">04 94 93 66 90<\/span><\/strong>.<\/p>\n\n\n\n<p><strong>A.F.L. transition (Association Familiale La\u00efque) <\/strong>: accompagnement et soutien aux femmes, familles et mineurs avec des permanences et foyers. <br>Renseignements au <strong><span class=\"has-inline-color has-vivid-red-color\">04 94 92 74 21<\/span><\/strong>.<\/p>\n\n\n\n<p><strong>Les restos du c\u0153ur <\/strong>: offre un soutien \u00e0 l&rsquo;aide alimentaire, \u00e0 l&rsquo;h\u00e9bergement et aux familles en difficult\u00e9s. <br>Renseignements au <strong><span class=\"has-inline-color has-vivid-red-color\">04 94 27 13 39<\/span><\/strong>. <\/p>\n","protected":false},"excerpt":{"rendered":"<p>Le Conseil D\u00e9partemental de l\u2019Acc\u00e8s au Droit du Var vous offre un acc\u00e8s vers des permanences et organismes pour vous aider et informer sur vos droits, obligations et d\u00e9marches. Si vous recherchez un document ou avez une question pr\u00e9cise vous trouverez peut-\u00eatre votre r\u00e9ponse sur cette page : Nous mettons \u00e0 votre disposition des permanences avec des avocats et des juristes sur le droit de la famille : Pour toutes informations compl\u00e9mentaires vous pouvez joindre des organismes sp\u00e9cialis\u00e9s : C.I.D.F.F. (Centre d&rsquo;Information sur les Droits des Femmes et des Familles) : soutien et accompagne juridiquement et psychologiquement les femmes et familles. Renseignements au 04 94 65 82 84. A.D.S.E.A.A.V. (Association D\u00e9partementale de Sauvegarde des Enfants, des Adolescents et des Adultes du Var) : m\u00e8ne des actions de pr\u00e9vention pour les familles et les mineurs.Renseignements au 04 94 93 66 90. A.F.L. transition (Association Familiale La\u00efque) : accompagnement et soutien aux femmes, familles et mineurs avec des permanences et foyers. Renseignements au 04 94 92 74 21. Les restos du c\u0153ur : offre un soutien \u00e0 l&rsquo;aide alimentaire, \u00e0 l&rsquo;h\u00e9bergement et aux familles en difficult\u00e9s. Renseignements au 04 94 27 13 39.<\/p>\n","protected":false},"author":3,"featured_media":0,"parent":0,"menu_order":0,"comment_status":"closed","ping_status":"closed","template":"","meta":{"_monsterinsights_skip_tracking":false,"_monsterinsights_sitenote_active":false,"_monsterinsights_sitenote_note":"","_monsterinsights_sitenote_category":0,"footnotes":""},"class_list":["post-3439","page","type-page","status-publish","hentry"],"_links":{"self":[{"href":"https:\/\/cdad83.fr\/index.php\/wp-json\/wp\/v2\/pages\/3439","targetHints":{"allow":["GET"]}}],"collection":[{"href":"https:\/\/cdad83.fr\/index.php\/wp-json\/wp\/v2\/pages"}],"about":[{"href":"https:\/\/cdad83.fr\/index.php\/wp-json\/wp\/v2\/types\/page"}],"author":[{"embeddable":true,"href":"https:\/\/cdad83.fr\/index.php\/wp-json\/wp\/v2\/users\/3"}],"replies":[{"embeddable":true,"href":"https:\/\/cdad83.fr\/index.php\/wp-json\/wp\/v2\/comments?post=3439"}],"version-history":[{"count":1,"href":"https:\/\/cdad83.fr\/index.php\/wp-json\/wp\/v2\/pages\/3439\/revisions"}],"predecessor-version":[{"id":5095,"href":"https:\/\/cdad83.fr\/index.php\/wp-json\/wp\/v2\/pages\/3439\/revisions\/5095"}],"wp:attachment":[{"href":"https:\/\/cdad83.fr\/index.php\/wp-json\/wp\/v2\/media?parent=3439"}],"curies":[{"name":"wp","href":"https:\/\/api.w.org\/{rel}","templated":true}]}}

<p>Le Conseil Départemental de l’Accès au Droit du Var vous offre un accès vers des permanences et organismes pour vous aider et informer sur vos droits, obligations et démarches.</p>



<p>Si vous recherchez un document ou avez une question précise vous trouverez peut-être votre réponse sur cette page : </p>



<div class="wp-block-buttons is-content-justification-center is-layout-flex wp-block-buttons-is-layout-flex">
<div class="wp-block-button is-style-outline is-style-outline--1"><a class="wp-block-button__link has-black-color has-white-background-color has-text-color has-background" href="https://cdad83.fr/index.php/droit-de-la-famille-et-de-lenfant/"><strong>Droit de le famille et de l&rsquo;enfant</strong></a></div>
</div>



<p>Nous mettons à votre disposition des permanences avec des avocats et des juristes sur le droit de la famille :</p>



<div class="wp-block-buttons is-layout-flex wp-block-buttons-is-layout-flex">
<div class="wp-block-button has-custom-width wp-block-button__width-50 is-style-outline is-style-outline--2"><a class="wp-block-button__link has-black-color has-white-background-color has-text-color has-background" href="https://cdad83.fr/index.php/avocats-generalistes/"><strong>Permanences avocats</strong></a></div>



<div class="wp-block-button has-custom-width wp-block-button__width-50 is-style-outline is-style-outline--3"><a class="wp-block-button__link has-black-color has-white-background-color has-text-color has-background" href="https://cdad83.fr/index.php/cidff/"><strong>Permanences C.I.D.F.F.</strong></a></div>
</div>



<p>Pour toutes informations complémentaires vous pouvez joindre des organismes spécialisés :</p>



<p><strong>C.I.D.F.F. (Centre d&rsquo;Information sur les Droits des Femmes et des Familles)</strong> : soutien et accompagne juridiquement et psychologiquement les femmes et familles. <br>Renseignements au <strong><span class="has-inline-color has-vivid-red-color">04 94 65 82 84</span></strong>.</p>



<p><strong>A.D.S.E.A.A.V. (Association Départementale de Sauvegarde des Enfants, des Adolescents et des Adultes du Var)</strong> : mène des actions de prévention pour les familles et les mineurs.<br>Renseignements au <strong><span class="has-inline-color has-vivid-red-color">04 94 93 66 90</span></strong>.</p>



<p><strong>A.F.L. transition (Association Familiale Laïque) </strong>: accompagnement et soutien aux femmes, familles et mineurs avec des permanences et foyers. <br>Renseignements au <strong><span class="has-inline-color has-vivid-red-color">04 94 92 74 21</span></strong>.</p>



<p><strong>Les restos du cœur </strong>: offre un soutien à l&rsquo;aide alimentaire, à l&rsquo;hébergement et aux familles en difficultés. <br>Renseignements au <strong><span class="has-inline-color has-vivid-red-color">04 94 27 13 39</span></strong>. </p>

<p>Le Conseil Départemental de l’Accès au Droit du Var vous offre un accès vers des permanences et organismes pour vous aider et informer sur vos droits, obligations et démarches. Si vous recherchez un document ou avez une question précise vous trouverez peut-être votre réponse sur cette page : Nous mettons à votre disposition des permanences avec des avocats et des juristes sur le droit de la famille : Pour toutes informations complémentaires vous pouvez joindre des organismes spécialisés : C.I.D.F.F. (Centre d&rsquo;Information sur les Droits des Femmes et des Familles) : soutien et accompagne juridiquement et psychologiquement les femmes et familles. Renseignements au 04 94 65 82 84. A.D.S.E.A.A.V. (Association Départementale de Sauvegarde des Enfants, des Adolescents et des Adultes du Var) : mène des actions de prévention pour les familles et les mineurs.Renseignements au 04 94 93 66 90. A.F.L. transition (Association Familiale Laïque) : accompagnement et soutien aux femmes, familles et mineurs avec des permanences et foyers. Renseignements au 04 94 92 74 21. Les restos du cœur : offre un soutien à l&rsquo;aide alimentaire, à l&rsquo;hébergement et aux familles en difficultés. Renseignements au 04 94 27 13 39.</p>
