{"id":3455,"date":"2021-06-08T13:54:39","date_gmt":"2021-06-08T11:54:39","guid":{"rendered":"https:\/\/cdad83.fr\/?page_id=3455"},"modified":"2021-06-17T14:01:33","modified_gmt":"2021-06-17T12:01:33","slug":"droit-des-mineurs","status":"publish","type":"page","link":"https:\/\/cdad83.fr\/index.php\/droit-des-mineurs\/","title":{"rendered":"Droit des mineurs"},"content":{"rendered":"\n<p>Le Conseil D\u00e9partemental de l\u2019Acc\u00e8s au Droit du Var vous offre un acc\u00e8s vers des permanences et organismes pour vous aider et informer sur vos droits, obligations et d\u00e9marches.<\/p>\n\n\n\n<p>Nous mettons \u00e0 votre disposition des permanences avec des avocats et des juristes sur le droit des mineurs :<\/p>\n\n\n\n<div class=\"wp-block-buttons is-layout-flex wp-block-buttons-is-layout-flex\">\n<div class=\"wp-block-button has-custom-width wp-block-button__width-50 is-style-outline is-style-outline--1\"><a class=\"wp-block-button__link has-black-color has-white-background-color has-text-color has-background\" href=\"https:\/\/cdad83.fr\/index.php\/avocats-generalistes\/\"><strong>Permanences avocats<\/strong><\/a><\/div>\n\n\n\n<div class=\"wp-block-button has-custom-width wp-block-button__width-50 is-style-outline is-style-outline--2\"><a class=\"wp-block-button__link has-black-color has-white-background-color has-text-color has-background\" href=\"https:\/\/cdad83.fr\/index.php\/cidff\/\"><strong>Permanences C.I.D.F.F.<\/strong><\/a><\/div>\n<\/div>\n\n\n\n<p>Pour toutes informations compl\u00e9mentaires vous pouvez joindre des organismes sp\u00e9cialis\u00e9s :<\/p>\n\n\n\n<p><strong>A.V.R.E. (Association Varoise pour le Respect de l&rsquo;Enfant)<\/strong> : Ecoute, soutien et accueil des familles pour lutter contre la maltraitance et les abus sexuels envers les enfants.<br>Renseignements au <strong><span class=\"has-inline-color has-vivid-red-color\">04 94 08 00 90<\/span><\/strong>.<\/p>\n\n\n\n<p><strong>C.I.D.F.F. (Centre d&rsquo;Information sur les Droits des Femmes et des Familles)<\/strong> : Soutien et accompagne juridiquement et psychologiquement les femmes et familles. <br>Renseignements au <strong><span class=\"has-inline-color has-vivid-red-color\">04 94 65 82 84<\/span><\/strong>.<\/p>\n\n\n\n<p><strong>G.R.A.D.E. (Groupe de R\u00e9flexion et d&rsquo;Action pour la D\u00e9fense des Enfants)<\/strong> : Des avocats conseillent, assistent et accompagnent les enfants dans les proc\u00e9dures. <br>Renseignement au <strong><span class=\"has-inline-color has-vivid-red-color\">04 94 24 07 97<\/span><\/strong>.<\/p>\n\n\n\n<p><strong>Net \u00e9coute<\/strong> : Plateforme pour informer et aider contre le cyberharc\u00e8lement. La plateforme peut vous prot\u00e9ger en effa\u00e7ant du contenu en ligne. <br>Renseignement au <strong><span class=\"has-inline-color has-vivid-red-color\">30 18<\/span><\/strong> ou sur leur <a href=\"https:\/\/www.netecoute.fr\/\">site internet<\/a>.<\/p>\n\n\n\n<p><strong>Non au harc\u00e8lement<\/strong> : Plateforme d&rsquo;orientation, d&rsquo;information et d&rsquo;aide pour lutter contre le harc\u00e8lement scolaire. <br>Renseignement au <strong><span class=\"has-inline-color has-vivid-red-color\">30 20<\/span><\/strong>.<\/p>\n\n\n\n<p><strong>S.N.A.T.E.D. (Service National d&rsquo;Accueil T\u00e9l\u00e9phonique pour l&rsquo;Enfance en Danger)<\/strong> : Une plateforme d&rsquo;\u00e9coute, d&rsquo;information et d&rsquo;orientation pour les mineurs en situation de danger pour eux-m\u00eames ou un autre enfant. \u00c9galement, pour les adultes confront\u00e9s ou pr\u00e9occup\u00e9s par ce type de situation.<br>Renseignements au <strong><span class=\"has-inline-color has-vivid-red-color\">119<\/span><\/strong>. <\/p>\n\n\n\n<p><\/p>\n","protected":false},"excerpt":{"rendered":"<p>Le Conseil D\u00e9partemental de l\u2019Acc\u00e8s au Droit du Var vous offre un acc\u00e8s vers des permanences et organismes pour vous aider et informer sur vos droits, obligations et d\u00e9marches. Nous mettons \u00e0 votre disposition des permanences avec des avocats et des juristes sur le droit des mineurs : Pour toutes informations compl\u00e9mentaires vous pouvez joindre des organismes sp\u00e9cialis\u00e9s : A.V.R.E. (Association Varoise pour le Respect de l&rsquo;Enfant) : Ecoute, soutien et accueil des familles pour lutter contre la maltraitance et les abus sexuels envers les enfants.Renseignements au 04 94 08 00 90. C.I.D.F.F. (Centre d&rsquo;Information sur les Droits des Femmes et des Familles) : Soutien et accompagne juridiquement et psychologiquement les femmes et familles. Renseignements au 04 94 65 82 84. G.R.A.D.E. (Groupe de R\u00e9flexion et d&rsquo;Action pour la D\u00e9fense des Enfants) : Des avocats conseillent, assistent et accompagnent les enfants dans les proc\u00e9dures. Renseignement au 04 94 24 07 97. Net \u00e9coute : Plateforme pour informer et aider contre le cyberharc\u00e8lement. La plateforme peut vous prot\u00e9ger en effa\u00e7ant du contenu en ligne. Renseignement au 30 18 ou sur leur site internet. Non au harc\u00e8lement : Plateforme d&rsquo;orientation, d&rsquo;information et d&rsquo;aide pour lutter contre le harc\u00e8lement scolaire. Renseignement au 30 20. S.N.A.T.E.D. (Service National d&rsquo;Accueil T\u00e9l\u00e9phonique pour l&rsquo;Enfance en Danger) : Une plateforme d&rsquo;\u00e9coute, d&rsquo;information et d&rsquo;orientation pour les mineurs en situation de danger pour eux-m\u00eames ou un autre enfant. \u00c9galement, pour les adultes confront\u00e9s ou pr\u00e9occup\u00e9s par ce type de situation.Renseignements au 119.<\/p>\n","protected":false},"author":3,"featured_media":0,"parent":0,"menu_order":0,"comment_status":"closed","ping_status":"closed","template":"","meta":{"_monsterinsights_skip_tracking":false,"_monsterinsights_sitenote_active":false,"_monsterinsights_sitenote_note":"","_monsterinsights_sitenote_category":0,"footnotes":""},"class_list":["post-3455","page","type-page","status-publish","hentry"],"_links":{"self":[{"href":"https:\/\/cdad83.fr\/index.php\/wp-json\/wp\/v2\/pages\/3455","targetHints":{"allow":["GET"]}}],"collection":[{"href":"https:\/\/cdad83.fr\/index.php\/wp-json\/wp\/v2\/pages"}],"about":[{"href":"https:\/\/cdad83.fr\/index.php\/wp-json\/wp\/v2\/types\/page"}],"author":[{"embeddable":true,"href":"https:\/\/cdad83.fr\/index.php\/wp-json\/wp\/v2\/users\/3"}],"replies":[{"embeddable":true,"href":"https:\/\/cdad83.fr\/index.php\/wp-json\/wp\/v2\/comments?post=3455"}],"version-history":[{"count":0,"href":"https:\/\/cdad83.fr\/index.php\/wp-json\/wp\/v2\/pages\/3455\/revisions"}],"wp:attachment":[{"href":"https:\/\/cdad83.fr\/index.php\/wp-json\/wp\/v2\/media?parent=3455"}],"curies":[{"name":"wp","href":"https:\/\/api.w.org\/{rel}","templated":true}]}}