{"id":3468,"date":"2021-06-08T14:41:01","date_gmt":"2021-06-08T12:41:01","guid":{"rendered":"https:\/\/cdad83.fr\/?page_id=3468"},"modified":"2021-06-10T13:58:49","modified_gmt":"2021-06-10T11:58:49","slug":"nos-actions","status":"publish","type":"page","link":"https:\/\/cdad83.fr\/index.php\/nos-actions\/","title":{"rendered":"Nos actions"},"content":{"rendered":"\n<p>Le Conseil D\u00e9partemental de l&rsquo;Acc\u00e8s au Droit du Var m\u00e8ne une politique active et sur plusieurs fronts pour favoriser l&rsquo;acc\u00e8s au droit sur le d\u00e9partement.<\/p>\n\n\n\n<p>Retrouver ci-dessous la liste de toutes nos actions et interventions :<\/p>\n\n\n\n<div class=\"wp-block-buttons is-content-justification-center is-layout-flex wp-block-buttons-is-layout-flex\">\n<div class=\"wp-block-button is-style-outline is-style-outline--1\"><a class=\"wp-block-button__link has-black-color has-white-background-color has-text-color has-background\" href=\"https:\/\/cdad83.fr\/index.php\/journee-nationale-de-lacces-au-droit\/\"><strong>Journ\u00e9e nationale de l&rsquo;acc\u00e8s au droit &#8211; 24 mai<\/strong><\/a><\/div>\n\n\n\n<div class=\"wp-block-button is-style-outline is-style-outline--2\"><a class=\"wp-block-button__link has-black-color has-white-background-color has-text-color has-background\" href=\"https:\/\/cdad83.fr\/index.php\/jeu-concours-creation-dune-oeuvre-pour-lutter-contre-le-harcelement-scolaire\/\"><strong>Jeu-concours du 24 mai 2021<\/strong><\/a><\/div>\n\n\n\n<div class=\"wp-block-button is-style-outline is-style-outline--3\"><a class=\"wp-block-button__link has-black-color has-white-background-color has-text-color has-background\" href=\"https:\/\/cdad83.fr\/index.php\/cine-justice\/\"><strong>Cin\u00e9-justice<\/strong><\/a><\/div>\n\n\n\n<div class=\"wp-block-button is-style-outline is-style-outline--4\"><a class=\"wp-block-button__link has-black-color has-white-background-color has-text-color has-background\" href=\"https:\/\/cdad83.fr\/index.php\/forums-et-salons\/\"><strong>Forums et salons<\/strong><\/a><\/div>\n<\/div>\n\n\n\n<p><\/p>\n","protected":false},"excerpt":{"rendered":"<p>Le Conseil D\u00e9partemental de l&rsquo;Acc\u00e8s au Droit du Var m\u00e8ne une politique active et sur plusieurs fronts pour favoriser l&rsquo;acc\u00e8s au droit sur le d\u00e9partement. Retrouver ci-dessous la liste de toutes nos actions et interventions :<\/p>\n","protected":false},"author":3,"featured_media":0,"parent":0,"menu_order":0,"comment_status":"closed","ping_status":"closed","template":"","meta":{"_monsterinsights_skip_tracking":false,"_monsterinsights_sitenote_active":false,"_monsterinsights_sitenote_note":"","_monsterinsights_sitenote_category":0,"footnotes":""},"class_list":["post-3468","page","type-page","status-publish","hentry"],"_links":{"self":[{"href":"https:\/\/cdad83.fr\/index.php\/wp-json\/wp\/v2\/pages\/3468","targetHints":{"allow":["GET"]}}],"collection":[{"href":"https:\/\/cdad83.fr\/index.php\/wp-json\/wp\/v2\/pages"}],"about":[{"href":"https:\/\/cdad83.fr\/index.php\/wp-json\/wp\/v2\/types\/page"}],"author":[{"embeddable":true,"href":"https:\/\/cdad83.fr\/index.php\/wp-json\/wp\/v2\/users\/3"}],"replies":[{"embeddable":true,"href":"https:\/\/cdad83.fr\/index.php\/wp-json\/wp\/v2\/comments?post=3468"}],"version-history":[{"count":0,"href":"https:\/\/cdad83.fr\/index.php\/wp-json\/wp\/v2\/pages\/3468\/revisions"}],"wp:attachment":[{"href":"https:\/\/cdad83.fr\/index.php\/wp-json\/wp\/v2\/media?parent=3468"}],"curies":[{"name":"wp","href":"https:\/\/api.w.org\/{rel}","templated":true}]}}

<p>Le Conseil Départemental de l&rsquo;Accès au Droit du Var mène une politique active et sur plusieurs fronts pour favoriser l&rsquo;accès au droit sur le département.</p>



<p>Retrouver ci-dessous la liste de toutes nos actions et interventions :</p>



<div class="wp-block-buttons is-content-justification-center is-layout-flex wp-block-buttons-is-layout-flex">
<div class="wp-block-button is-style-outline is-style-outline--1"><a class="wp-block-button__link has-black-color has-white-background-color has-text-color has-background" href="https://cdad83.fr/index.php/journee-nationale-de-lacces-au-droit/"><strong>Journée nationale de l&rsquo;accès au droit &#8211; 24 mai</strong></a></div>



<div class="wp-block-button is-style-outline is-style-outline--2"><a class="wp-block-button__link has-black-color has-white-background-color has-text-color has-background" href="https://cdad83.fr/index.php/jeu-concours-creation-dune-oeuvre-pour-lutter-contre-le-harcelement-scolaire/"><strong>Jeu-concours du 24 mai 2021</strong></a></div>



<div class="wp-block-button is-style-outline is-style-outline--3"><a class="wp-block-button__link has-black-color has-white-background-color has-text-color has-background" href="https://cdad83.fr/index.php/cine-justice/"><strong>Ciné-justice</strong></a></div>



<div class="wp-block-button is-style-outline is-style-outline--4"><a class="wp-block-button__link has-black-color has-white-background-color has-text-color has-background" href="https://cdad83.fr/index.php/forums-et-salons/"><strong>Forums et salons</strong></a></div>
</div>



<p></p>

<p>Le Conseil Départemental de l&rsquo;Accès au Droit du Var mène une politique active et sur plusieurs fronts pour favoriser l&rsquo;accès au droit sur le département. Retrouver ci-dessous la liste de toutes nos actions et interventions :</p>
