{"id":3777,"date":"2021-07-06T09:18:26","date_gmt":"2021-07-06T07:18:26","guid":{"rendered":"https:\/\/cdad83.fr\/?page_id=3777"},"modified":"2021-07-06T09:26:29","modified_gmt":"2021-07-06T07:26:29","slug":"action-de-sensibilisation-au-harcelement-scolaire-college-la-marquisanne-15-juin-2021","status":"publish","type":"page","link":"https:\/\/cdad83.fr\/index.php\/action-de-sensibilisation-au-harcelement-scolaire-college-la-marquisanne-15-juin-2021\/","title":{"rendered":"Action de sensibilisation au harc\u00e8lement scolaire &#8211; Coll\u00e8ge la Marquisanne 15 juin 2021"},"content":{"rendered":"<p>Le 15 juin 2021, le Conseil d\u00e9partemental de l\u2019acc\u00e8s au droit du Var a coordonn\u00e9 une intervention au sein du coll\u00e8ge la Marquisanne, sur le ressort de Toulon. Cette action visait \u00e0 sensibiliser des coll\u00e9giens (5<sup>\u00e8me<\/sup>) de l\u2019\u00e9tablissement au harc\u00e8lement scolaire.<\/p>\n<p>Les objectifs poursuivis, dans le cadre de cette intervention, sont d\u2019identifier, de r\u00e9agir et de communiquer sur le ph\u00e9nom\u00e8ne du harc\u00e8lement scolaire. En effet, celui-ci est d\u00e9fini \u00ab&nbsp;comme une violence r\u00e9p\u00e9t\u00e9e qui peut \u00eatre verbale physique ou psychologique&nbsp;\u00bb.<\/p>\n<p>Cette intervention a \u00e9galement permis d\u2019aborder des sujets connexes, tels que le cyberharc\u00e8lement ou le \u00ab&nbsp;revenge porn&nbsp;\u00bb, ainsi que des th\u00e9matiques en lien avec ces ph\u00e9nom\u00e8nes extr\u00eamement violents pour les victimes.<\/p>\n<p>L\u2019action \u00e9tait anim\u00e9e par quatre intervenants du monde judiciaire et de la jeunesse&nbsp;:<\/p>\n<ul>\n<li>Un d\u00e9l\u00e9gu\u00e9 du Procureur de la R\u00e9publique&nbsp;;<\/li>\n<li>Un membre de l\u2019\u00e9quipe mobile acad\u00e9mique de s\u00e9curit\u00e9&nbsp;;<\/li>\n<li>Un \u00e9ducateur de la protection judiciaire de la jeunesse&nbsp;;<\/li>\n<li>Une avocate du Barreau de Toulon.<\/li>\n<\/ul>\n<p>Cette demi-journ\u00e9e a \u00e9t\u00e9 l\u2019occasion, pour les \u00e9l\u00e8ves, de mieux conna\u00eetre les professionnels, ainsi que leur fonction. Cette action s\u2019inscrit dans les missions du CDAD, concernant l\u2019am\u00e9lioration de l\u2019acc\u00e8s au droit dans le d\u00e9partement du Var.<\/p>\n<p>Ces classes de 5<sup>\u00e8me<\/sup>&nbsp;se sont positionn\u00e9es dans l\u2019\u00e9change avec les intervenants. Par le biais d\u2019un questionnaire anonyme distribu\u00e9 \u00e0 la fin, l\u2019\u00e9quipe du CDAD a pu mettre en exergue certaines probl\u00e9matiques li\u00e9es au harc\u00e8lement scolaire, touchant directement les coll\u00e9giens, et a imm\u00e9diatement averti l\u2019\u00e9tablissement.<\/p>\n<p>Vous pouvez retrouver les num\u00e9ros nationaux et d\u00e9partementaux d\u2019information et d\u2019aide \u00e0 la lutte contre le harc\u00e8lement scolaire&nbsp;en <a href=\"https:\/\/cdad83.fr\/index.php\/harcelement-scolaire\/\"><strong>cliquant ici<\/strong><\/a>.<\/p>\n\n\n<figure class=\"wp-block-image size-large is-resized\"><img fetchpriority=\"high\" decoding=\"async\" src=\"https:\/\/cdad83.fr\/wp-content\/uploads\/2021\/07\/20210615_084106-1024x576.jpg\" alt=\"\" class=\"wp-image-3781\" width=\"816\" height=\"458\" srcset=\"https:\/\/cdad83.fr\/wp-content\/uploads\/2021\/07\/20210615_084106-1024x576.jpg 1024w, https:\/\/cdad83.fr\/wp-content\/uploads\/2021\/07\/20210615_084106-300x169.jpg 300w, https:\/\/cdad83.fr\/wp-content\/uploads\/2021\/07\/20210615_084106-768x432.jpg 768w, https:\/\/cdad83.fr\/wp-content\/uploads\/2021\/07\/20210615_084106-1536x864.jpg 1536w, https:\/\/cdad83.fr\/wp-content\/uploads\/2021\/07\/20210615_084106-2048x1152.jpg 2048w, https:\/\/cdad83.fr\/wp-content\/uploads\/2021\/07\/20210615_084106-1140x641.jpg 1140w\" sizes=\"(max-width: 816px) 100vw, 816px\" \/><figcaption>Des \u00e9l\u00e8ves de 5\u00e8me, du coll\u00e8ge la Marquisanne, assistant et participant \u00e0 une action de sensibilisation au harc\u00e8lement scolaire.<br><\/figcaption><\/figure>\n","protected":false},"excerpt":{"rendered":"<p>Le 15 juin 2021, le Conseil d\u00e9partemental de l\u2019acc\u00e8s au droit du Var a coordonn\u00e9 une intervention au sein du coll\u00e8ge la Marquisanne, sur le ressort de Toulon. Cette action visait \u00e0 sensibiliser des coll\u00e9giens (5\u00e8me) de l\u2019\u00e9tablissement au harc\u00e8lement scolaire. Les objectifs poursuivis, dans le cadre de cette intervention, sont d\u2019identifier, de r\u00e9agir et de communiquer sur le ph\u00e9nom\u00e8ne du harc\u00e8lement scolaire. En effet, celui-ci est d\u00e9fini \u00ab&nbsp;comme une violence r\u00e9p\u00e9t\u00e9e qui peut \u00eatre verbale physique ou psychologique&nbsp;\u00bb. Cette intervention a \u00e9galement permis d\u2019aborder des sujets connexes, tels que le cyberharc\u00e8lement ou le \u00ab&nbsp;revenge porn&nbsp;\u00bb, ainsi que des th\u00e9matiques en lien avec ces ph\u00e9nom\u00e8nes extr\u00eamement violents pour les victimes. L\u2019action \u00e9tait anim\u00e9e par quatre intervenants du monde judiciaire et de la jeunesse&nbsp;: Un d\u00e9l\u00e9gu\u00e9 du Procureur de la R\u00e9publique&nbsp;; Un membre de l\u2019\u00e9quipe mobile acad\u00e9mique de s\u00e9curit\u00e9&nbsp;; Un \u00e9ducateur de la protection judiciaire de la jeunesse&nbsp;; Une avocate du Barreau de Toulon. Cette demi-journ\u00e9e a \u00e9t\u00e9 l\u2019occasion, pour les \u00e9l\u00e8ves, de mieux conna\u00eetre les professionnels, ainsi que leur fonction. Cette action s\u2019inscrit dans les missions du CDAD, concernant l\u2019am\u00e9lioration de l\u2019acc\u00e8s au droit dans le d\u00e9partement du Var. Ces classes de 5\u00e8me&nbsp;se sont positionn\u00e9es dans l\u2019\u00e9change avec les intervenants. Par le biais d\u2019un questionnaire anonyme distribu\u00e9 \u00e0 la fin, l\u2019\u00e9quipe du CDAD a pu mettre en exergue certaines probl\u00e9matiques li\u00e9es au harc\u00e8lement scolaire, touchant directement les coll\u00e9giens, et a imm\u00e9diatement averti l\u2019\u00e9tablissement. Vous pouvez retrouver les num\u00e9ros nationaux et d\u00e9partementaux d\u2019information et d\u2019aide \u00e0 la lutte contre le harc\u00e8lement scolaire&nbsp;en cliquant ici.<\/p>\n","protected":false},"author":3,"featured_media":0,"parent":0,"menu_order":0,"comment_status":"closed","ping_status":"closed","template":"","meta":{"_monsterinsights_skip_tracking":false,"_monsterinsights_sitenote_active":false,"_monsterinsights_sitenote_note":"","_monsterinsights_sitenote_category":0,"footnotes":""},"class_list":["post-3777","page","type-page","status-publish","hentry"],"_links":{"self":[{"href":"https:\/\/cdad83.fr\/index.php\/wp-json\/wp\/v2\/pages\/3777","targetHints":{"allow":["GET"]}}],"collection":[{"href":"https:\/\/cdad83.fr\/index.php\/wp-json\/wp\/v2\/pages"}],"about":[{"href":"https:\/\/cdad83.fr\/index.php\/wp-json\/wp\/v2\/types\/page"}],"author":[{"embeddable":true,"href":"https:\/\/cdad83.fr\/index.php\/wp-json\/wp\/v2\/users\/3"}],"replies":[{"embeddable":true,"href":"https:\/\/cdad83.fr\/index.php\/wp-json\/wp\/v2\/comments?post=3777"}],"version-history":[{"count":0,"href":"https:\/\/cdad83.fr\/index.php\/wp-json\/wp\/v2\/pages\/3777\/revisions"}],"wp:attachment":[{"href":"https:\/\/cdad83.fr\/index.php\/wp-json\/wp\/v2\/media?parent=3777"}],"curies":[{"name":"wp","href":"https:\/\/api.w.org\/{rel}","templated":true}]}}